pose k + 4 = s. Calculate the highest common divisor of 1 and s.
1
Let n be -3 - 2/(2/(-91)). Let f be 4 + n/(8/2). What is the greatest common divisor of f and 39?
13
Let w be -16*(14/4 - 4). What is the greatest common divisor of 8 and w?
8
Let n(d) = 38*d - 3. Let l be n(1). What is the greatest common divisor of l and 70?
35
Let k be 183/(-9) - 2/(-6). Let w be k/(-2)*(-64)/(-20). What is the highest common divisor of w and 4?
4
Let o(z) = -z**2 - 5*z + 3. Let l be o(-5). What is the greatest common divisor of 33 and l?
3
Let y(d) = -32*d - 19. Let l be y(-3). What is the highest common divisor of 7 and l?
7
Suppose 5*i = 5*o - 70, -4*o + i = o - 90. Suppose 6 = -j + o. Suppose j = w - k - 14, 4*w = -3*k + 87. What is the greatest common divisor of 3 and w?
3
Suppose 109 = 3*k + 4*q, 3*k - 5*q = -2*q + 144. Let o be (k - -1)*(-3)/(-3). What is the greatest common divisor of o and 11?
11
Let g be (486/63)/((-6)/(-56)). What is the greatest common factor of 9 and g?
9
Let w = -17 + 22. What is the highest common divisor of w and 55?
5
Suppose d = -0*d - 3*q + 16, 0 = 5*d + 2*q - 28. What is the highest common factor of 36 and d?
4
Let k = -23 + 42. Let q = -17 - -74. What is the highest common divisor of q and k?
19
Let c(g) = 4*g - 8. Let m be c(7). What is the greatest common divisor of m and 5?
5
Let m be 5*(4 + (3 - 6)). What is the highest common factor of 35 and m?
5
Suppose -4*d - 8 = -36. Suppose 0 = 3*m - 8 - d. Suppose -63 = -2*h - 3*h + 4*x, -3*h + 3*x + 36 = 0. Calculate the greatest common factor of h and m.
5
Let c = 15 - 12. Let r(d) = 6*d**2 - d - 2. Let j be r(-2). What is the greatest common divisor of j and c?
3
Let u(y) = y**3 + 4*y**2 + 3*y + 1. Let h be u(-2). Let c be ((-38)/(-6))/(h/9). Let w be 154 + (-3 - (0 - 1)). What is the highest common factor of c and w?
19
Let n = 4 - 2. Let q be (-131)/(-2) + n/4. Let s = 12 - 6. What is the highest common divisor of s and q?
6
Suppose 4*w - 2*w - 8 = 0, 40 = 4*i - 4*w. Suppose -5*v + 4 = -6. Suppose 16 = v*k + 4*n, 5*k - 4*n = k - 4. What is the highest common factor of k and i?
2
Let n be -15*(11/4)/((-33)/44). What is the greatest common factor of 275 and n?
55
Let z(j) = 3*j - 10 - j**2 + 0*j**2 - 2*j. Let q be z(0). Let w be (0 - q)*2/2. What is the highest common divisor of w and 25?
5
Let c(v) = v**2 - 10*v + 21. Let t be c(13). Calculate the highest common factor of t and 15.
15
Suppose 2*n - 49 - 7 = 0. Calculate the highest common divisor of 4 and n.
4
Let f = -43 + 219. What is the highest common factor of 16 and f?
16
Let m(f) = -3*f - 2. Let n be m(-3). Let q be 0 - -28*n/2. Let s = 26 - 12. What is the highest common divisor of s and q?
14
Let d = 14 + -6. Suppose -1 = -2*s + 43. Suppose 0 = -3*l + s + d. Calculate the greatest common divisor of 80 and l.
10
Let k = -29 + 43. Let r = 243 + -117. Calculate the highest common factor of r and k.
14
Let r(w) = 4*w - 10. Let v be r(8). Calculate the highest common factor of v and 11.
11
Suppose -1 = 5*f - g, 2*f - 4*g + 4 = -f. Suppose -2*z - 3*z + 5*u + 35 = f, 3*z = 4*u + 22. Let n = 105 - 75. Calculate the highest common divisor of n and z.
6
Suppose 0 = -l + 7 + 18. Suppose a - l = 6*a. Let x be (-1 + a)*(-6)/4. What is the highest common divisor of x and 27?
9
Let q(o) = -6 - o + 6*o + 2 + 3*o**2. Let w be q(-4). Calculate the greatest common divisor of 16 and w.
8
Let f = -1826 + 1054. Let y be 1/(-5) - f/10. What is the highest common factor of y and 11?
11
Suppose 3*x - 4*x = 0, -3*u + x = 54. Let w = 35 + u. Calculate the greatest common factor of w and 153.
17
Let g(y) = y**2 + 5*y + 8. Let j be g(-6). Let f = 17 - 24. Let o be (f/(-14))/((-2)/(-140)). What is the highest common divisor of o and j?
7
Suppose u - 4*u + 33 = 3*c, -4*c = 4. Let g(o) = -7*o**2 + 3*o + 2. Let t be g(4). Let p = t + 194. Calculate the greatest common factor of p and u.
12
Let l be ((-85)/(-10))/((-21)/24 + 1). What is the highest common divisor of l and 17?
17
Let w = -11 - -19. Let b(u) = 14*u + 5. Let o be b(w). Calculate the highest common divisor of o and 13.
13
Suppose -4 - 3 = u. Let h = 0 - u. Suppose -2*i + h = -17. What is the highest common divisor of 36 and i?
12
Let j be (24/(-14))/(10/(-175)) - -2. Suppose 0*c - 3*l - 271 = -c, l = -2*c + 507. What is the greatest common factor of j and c?
32
Let d = -20 + 23. What is the highest common factor of 3 and d?
3
Suppose 12 - 140 = -4*g. Calculate the greatest common divisor of g and 16.
16
Let w(s) = -8*s - 48. Let t be w(-10). Calculate the greatest common divisor of 48 and t.
16
Let y be 66/(2/(-3)*117/(-52)). Let f(x) = x**2 + 9*x - 1. Let l be f(-4). Let o = -10 - l. What is the greatest common divisor of o and y?
11
Suppose -2*r + 53 - 1 = 0. Let m = 46 - r. Calculate the highest common factor of 50 and m.
10
Suppose -42 = -3*v - 5*a, -3*a - 22 = -3*v - 4. Suppose v = c + 3. Suppose 97 = 4*p - 23. What is the greatest common divisor of p and c?
6
Suppose -2*l - k + 3 = 0, -2*l - l = -k - 12. What is the highest common divisor of 21 and l?
3
Let w(x) = -x**3 + 4*x**2 + 3. Let p be w(4). Let a be ((-1)/(-3))/(p/45). What is the highest common divisor of 20 and a?
5
Let s be 38/8 - 1/(-4). Let l = -6 - -3. Let o(w) = -15*w. Let k be o(l). Calculate the greatest common factor of s and k.
5
Let f be 2 - (-3)/((-6)/70). Let z be -2*f/6 - 3. What is the greatest common factor of 32 and z?
8
Suppose 0 = -u - 5*l + 43, -2*u + 7 = -l - 46. Suppose -2*a - 8 = -4*a. Calculate the greatest common divisor of a and u.
4
Let d = -25 + 97. Calculate the greatest common factor of d and 9.
9
Let z = 78 + -1. Let k(v) = -v - 1. Let l(o) = 8*o + 9. Let a(m) = -4*k(m) - l(m). Let c be a(-3). What is the greatest common divisor of c and z?
7
Let f(z) = z**2 - 6*z - 4. Let i be f(10). Suppose -72 = -5*k - 12. What is the greatest common factor of k and i?
12
Let r be 558/9*1/2. What is the greatest common factor of r and 248?
31
Let a(n) = -2*n + 1. Let j be a(-11). What is the highest common factor of j and 23?
23
Suppose 0 = 2*s + s - 33. Let x = 150 - 106. What is the highest common divisor of s and x?
11
Let h be 1/4 + (-2)/8. Let v(f) = f**2 - f + 15. Let o be v(h). Suppose -z + o = j, -3*z - 9 = 5*j - 90. Calculate the highest common factor of 126 and j.
18
Let b = -10 - -84. Calculate the greatest common divisor of b and 185.
37
Let d = 21 - 13. Let v(f) = f**3 - 17*f**2 + 16*f + 8. Let s be v(16). What is the greatest common divisor of s and d?
8
Suppose 7*u - 3*u - 64 = 0. Let t be (-5 + 2)*8/(-3). Calculate the greatest common divisor of t and u.
8
Let x be 3/(-2)*((-80)/30 - 10). Let o be (-6)/4*114/(-1). Calculate the greatest common divisor of x and o.
19
Let d(j) be the second derivative of 41*j**3/6 - j**2/2 - j. Let m be d(1). What is the greatest common divisor of m and 5?
5
Let g(v) = -v**3 - v**2 + 2. Let d be g(0). Suppose -d*n + c = -10, -3*n - 2*c + 0 + 1 = 0. Calculate the greatest common factor of n and 15.
3
Suppose -4*c + 3*y + 2 + 5 = 0, -4*y = -5*c + 8. Let b be -1 - (c - 3 - 10). Calculate the highest common divisor of 16 and b.
8
Let w = -262 + 274. Let o = -206 + 302. Calculate the greatest common divisor of o and w.
12
Let z = 291 + -203. Suppose -5*q + 9 = -2*q. Suppose -q*p = 2*o - o - 25, -3*p = -5*o - 19. What is the greatest common divisor of z and p?
8
Let u be 1 - 0/(1 - -1). Let c(l) = -l + 1. Let h be c(4). Let w be (29 - (h + 2))*u. Calculate the greatest common factor of w and 10.
10
Let p(f) = -f**3 - 3*f**2 - 7*f + 1. Let w be p(-3). Let a = 131 - 87. Calculate the greatest common divisor of w and a.
22
Let o = 14 - 5. Suppose -s = t + 2*t + o, 2*s + t = 7. Suppose 3*u + 5 = 17. Calculate the highest common divisor of s and u.
2
Let i be (-6)/(-1*3 + 1). Suppose -5*p - 24 = -7*p. Calculate the highest common divisor of p and i.
3
Let z = 74 - 20. Let h(t) = t**3 - 4*t**2 - 4*t + 1. Let y be h(5). What is the highest common factor of y and z?
6
Let p = -687 - -993. Let y = 78 + -44. Calculate the greatest common factor of y and p.
34
Let t(l) = 2 + 3 - l**2 + 3*l**2 - 5*l. Let n be t(4). Suppose n = -3*w + 4*w. Calculate the greatest common factor of w and 17.
17
Let a(y) = -3*y**3 - y**2 + 4*y. Let n be a(-3). What is the highest common div